{"id":165,"date":"2025-08-06T00:23:58","date_gmt":"2025-08-06T00:23:58","guid":{"rendered":"https:\/\/guyanemanagersetdirigeants.com\/?page_id=165"},"modified":"2025-08-12T13:22:07","modified_gmt":"2025-08-12T13:22:07","slug":"salon-professionnel","status":"publish","type":"page","link":"https:\/\/guyanemanagersetdirigeants.com\/index.php\/salon-professionnel\/","title":{"rendered":"Salon professionnel"},"content":{"rendered":"\t\t<div data-elementor-type=\"wp-page\" data-elementor-id=\"165\" class=\"elementor elementor-165\">\n\t\t\t\t<div class=\"elementor-element elementor-element-fee4a21 e-flex e-con-boxed e-con e-parent\" data-id=\"fee4a21\" data-element_type=\"container\" data-e-type=\"container\" data-settings=\"{&quot;background_background&quot;:&quot;classic&quot;}\">\n\t\t\t\t\t<div class=\"e-con-inner\">\n\t\t\t\t<div class=\"elementor-element elementor-element-37f45c4 elementor-widget elementor-widget-heading\" data-id=\"37f45c4\" data-element_type=\"widget\" data-e-type=\"widget\" data-widget_type=\"heading.default\">\n\t\t\t\t\t<h2 class=\"elementor-heading-title elementor-size-default\">Nos salons professionnels<\/h2>\t\t\t\t<\/div>\n\t\t\t\t\t<\/div>\n\t\t\t\t<\/div>\n\t\t<div class=\"elementor-element elementor-element-8c7517b e-flex e-con-boxed e-con e-parent\" data-id=\"8c7517b\" data-element_type=\"container\" data-e-type=\"container\">\n\t\t\t\t\t<div class=\"e-con-inner\">\n\t\t\t\t<div class=\"elementor-element elementor-element-788a347 elementor-widget elementor-widget-spacer\" data-id=\"788a347\" data-element_type=\"widget\" data-e-type=\"widget\" data-widget_type=\"spacer.default\">\n\t\t\t\t\t\t\t<div class=\"elementor-spacer\">\n\t\t\t<div class=\"elementor-spacer-inner\"><\/div>\n\t\t<\/div>\n\t\t\t\t\t\t<\/div>\n\t\t\t\t\t<\/div>\n\t\t\t\t<\/div>\n\t\t<div class=\"elementor-element elementor-element-f4218ce e-flex e-con-boxed e-con e-parent\" data-id=\"f4218ce\" data-element_type=\"container\" data-e-type=\"container\">\n\t\t\t\t\t<div class=\"e-con-inner\">\n\t\t\t\t<div class=\"elementor-element elementor-element-e39ee5b elementor-widget elementor-widget-heading\" data-id=\"e39ee5b\" data-element_type=\"widget\" data-e-type=\"widget\" data-widget_type=\"heading.default\">\n\t\t\t\t\t<h2 class=\"elementor-heading-title elementor-size-default\">Salon Guyane Managers &amp; Dirigeants 2026<\/h2>\t\t\t\t<\/div>\n\t\t\t\t<div class=\"elementor-element elementor-element-f8121b2 elementor-widget elementor-widget-text-editor\" data-id=\"f8121b2\" data-element_type=\"widget\" data-e-type=\"widget\" data-widget_type=\"text-editor.default\">\n\t\t\t\t\t\t\t\t\t<p>Le rendez-vous incontournable des leaders et d\u00e9cideurs du territoire guyanais.<\/p>\t\t\t\t\t\t\t\t<\/div>\n\t\t\t\t\t<\/div>\n\t\t\t\t<\/div>\n\t\t<div class=\"elementor-element elementor-element-ddce4bd e-flex e-con-boxed e-con e-parent\" data-id=\"ddce4bd\" data-element_type=\"container\" data-e-type=\"container\">\n\t\t\t\t\t<div class=\"e-con-inner\">\n\t\t<div class=\"elementor-element elementor-element-4770f6b e-con-full e-flex e-con e-child\" data-id=\"4770f6b\" data-element_type=\"container\" data-e-type=\"container\">\n\t\t\t\t<div class=\"elementor-element elementor-element-af6293f elementor-widget elementor-widget-heading\" data-id=\"af6293f\" data-element_type=\"widget\" data-e-type=\"widget\" data-widget_type=\"heading.default\">\n\t\t\t\t\t<h2 class=\"elementor-heading-title elementor-size-default\">Vendredi 27 f\u00e9vrier 2026 \u2013 Lieu \u00e0 confirmer<\/h2>\t\t\t\t<\/div>\n\t\t\t\t<div class=\"elementor-element elementor-element-f637657 elementor-widget elementor-widget-text-editor\" data-id=\"f637657\" data-element_type=\"widget\" data-e-type=\"widget\" data-widget_type=\"text-editor.default\">\n\t\t\t\t\t\t\t\t\t<p>Le Salon des Managers &amp; Dirigeants de Guyane r\u00e9unira les chefs d&rsquo;entreprise, cadres,<br \/>porteurs de projet, responsables associatifs et tous les acteurs engag\u00e9s dans le<br \/>d\u00e9veloppement \u00e9conomique, social et humain du territoire.<br \/>Conf\u00e9rences inspirantes<br \/>Ateliers pratiques<br \/>Rencontres entre professionnels<br \/>D\u00e9veloppez vos comp\u00e9tences, votre r\u00e9seau et vos opportunit\u00e9s d\u2019affaires.<br \/>Inscription en ligne \u00e0 partir de ce formulaire et entr\u00e9e gratuite.<br \/>Le programme vous sera communiqu\u00e9 tr\u00e8s prochainement.<br \/>&#8211; Espace photo du d\u00e9roul\u00e9 de ce salon<\/p>\t\t\t\t\t\t\t\t<\/div>\n\t\t\t\t<\/div>\n\t\t<div class=\"elementor-element elementor-element-4cb029a e-con-full e-flex e-con e-child\" data-id=\"4cb029a\" data-element_type=\"container\" data-e-type=\"container\">\n\t\t\t\t<div class=\"elementor-element elementor-element-c3ae575 elementor-widget elementor-widget-image\" data-id=\"c3ae575\" data-element_type=\"widget\" data-e-type=\"widget\" data-widget_type=\"image.default\">\n\t\t\t\t\t\t\t\t\t\t\t\t\t\t\t<img fetchpriority=\"high\" decoding=\"async\" width=\"1024\" height=\"1024\" src=\"https:\/\/guyanemanagersetdirigeants.com\/wp-content\/uploads\/2025\/08\/Salon-professionnel-Guyane-1024x1024.jpg\" class=\"attachment-large size-large wp-image-122\" alt=\"\" srcset=\"https:\/\/guyanemanagersetdirigeants.com\/wp-content\/uploads\/2025\/08\/Salon-professionnel-Guyane-1024x1024.jpg 1024w, https:\/\/guyanemanagersetdirigeants.com\/wp-content\/uploads\/2025\/08\/Salon-professionnel-Guyane-300x300.jpg 300w, https:\/\/guyanemanagersetdirigeants.com\/wp-content\/uploads\/2025\/08\/Salon-professionnel-Guyane-150x150.jpg 150w, https:\/\/guyanemanagersetdirigeants.com\/wp-content\/uploads\/2025\/08\/Salon-professionnel-Guyane-768x768.jpg 768w, https:\/\/guyanemanagersetdirigeants.com\/wp-content\/uploads\/2025\/08\/Salon-professionnel-Guyane.jpg 1120w\" sizes=\"(max-width: 1024px) 100vw, 1024px\" \/>\t\t\t\t\t\t\t\t\t\t\t\t\t\t\t<\/div>\n\t\t\t\t<\/div>\n\t\t\t\t\t<\/div>\n\t\t\t\t<\/div>\n\t\t\t\t<\/div>\n\t\t","protected":false},"excerpt":{"rendered":"<p>Nos salons professionnels Salon Guyane Managers &amp; Dirigeants 2026 Le rendez-vous incontournable des leaders et d\u00e9cideurs du territoire guyanais. Vendredi [&hellip;]<\/p>\n","protected":false},"author":1,"featured_media":0,"parent":0,"menu_order":0,"comment_status":"closed","ping_status":"closed","template":"","meta":{"site-sidebar-layout":"no-sidebar","site-content-layout":"","ast-site-content-layout":"full-width-container","site-content-style":"default","site-sidebar-style":"default","ast-global-header-display":"","ast-banner-title-visibility":"","ast-main-header-display":"","ast-hfb-above-header-display":"","ast-hfb-below-header-display":"","ast-hfb-mobile-header-display":"","site-post-title":"disabled","ast-breadcrumbs-content":"","ast-featured-img":"disabled","footer-sml-layout":"","ast-disable-related-posts":"","theme-transparent-header-meta":"","adv-header-id-meta":"","stick-header-meta":"","header-above-stick-meta":"","header-main-stick-meta":"","header-below-stick-meta":"","astra-migrate-meta-layouts":"default","ast-page-background-enabled":"default","ast-page-background-meta":{"desktop":{"background-color":"var(--ast-global-color-5)","background-image":"","background-repeat":"repeat","background-position":"center center","background-size":"auto","background-attachment":"scroll","background-type":"","background-media":"","overlay-type":"","overlay-color":"","overlay-opacity":"","overlay-gradient":""},"tablet":{"background-color":"","background-image":"","background-repeat":"repeat","background-position":"center center","background-size":"auto","background-attachment":"scroll","background-type":"","background-media":"","overlay-type":"","overlay-color":"","overlay-opacity":"","overlay-gradient":""},"mobile":{"background-color":"","background-image":"","background-repeat":"repeat","background-position":"center center","background-size":"auto","background-attachment":"scroll","background-type":"","background-media":"","overlay-type":"","overlay-color":"","overlay-opacity":"","overlay-gradient":""}},"ast-content-background-meta":{"desktop":{"background-color":"var(--ast-global-color-4)","background-image":"","background-repeat":"repeat","background-position":"center center","background-size":"auto","background-attachment":"scroll","background-type":"","background-media":"","overlay-type":"","overlay-color":"","overlay-opacity":"","overlay-gradient":""},"tablet":{"background-color":"var(--ast-global-color-4)","background-image":"","background-repeat":"repeat","background-position":"center center","background-size":"auto","background-attachment":"scroll","background-type":"","background-media":"","overlay-type":"","overlay-color":"","overlay-opacity":"","overlay-gradient":""},"mobile":{"background-color":"var(--ast-global-color-4)","background-image":"","background-repeat":"repeat","background-position":"center center","background-size":"auto","background-attachment":"scroll","background-type":"","background-media":"","overlay-type":"","overlay-color":"","overlay-opacity":"","overlay-gradient":""}},"footnotes":""},"class_list":["post-165","page","type-page","status-publish","hentry"],"jetpack_sharing_enabled":true,"_links":{"self":[{"href":"https:\/\/guyanemanagersetdirigeants.com\/index.php\/wp-json\/wp\/v2\/pages\/165","targetHints":{"allow":["GET"]}}],"collection":[{"href":"https:\/\/guyanemanagersetdirigeants.com\/index.php\/wp-json\/wp\/v2\/pages"}],"about":[{"href":"https:\/\/guyanemanagersetdirigeants.com\/index.php\/wp-json\/wp\/v2\/types\/page"}],"author":[{"embeddable":true,"href":"https:\/\/guyanemanagersetdirigeants.com\/index.php\/wp-json\/wp\/v2\/users\/1"}],"replies":[{"embeddable":true,"href":"https:\/\/guyanemanagersetdirigeants.com\/index.php\/wp-json\/wp\/v2\/comments?post=165"}],"version-history":[{"count":13,"href":"https:\/\/guyanemanagersetdirigeants.com\/index.php\/wp-json\/wp\/v2\/pages\/165\/revisions"}],"predecessor-version":[{"id":264,"href":"https:\/\/guyanemanagersetdirigeants.com\/index.php\/wp-json\/wp\/v2\/pages\/165\/revisions\/264"}],"wp:attachment":[{"href":"https:\/\/guyanemanagersetdirigeants.com\/index.php\/wp-json\/wp\/v2\/media?parent=165"}],"curies":[{"name":"wp","href":"https:\/\/api.w.org\/{rel}","templated":true}]}}